 l be ((-3)/(-2))/(45/120). Is q(l) a prime number?
True
Let d = 34805 - 19983. Is d composite?
True
Let u(j) = -23*j - 6. Suppose -g - 11 = -2*c, -5*c + 55 = -7*g + 2*g. Let n = 0 + g. Is u(n) composite?
True
Suppose w = 4*l - 1536, 2*l + 3092 = -w - w. Let c = 2275 + w. Is c a prime number?
False
Suppose -5*s + 1411 = 4*c - 3*c, 0 = -c - 3*s + 1405. Suppose 4*r - 496 - c = 0. Is r a composite number?
True
Is (-99310)/4*(-26)/(-455)*-7 composite?
False
Suppose 15*m = 52771 + 84824. Is m prime?
True
Is 1 + 4750/2*64/80 composite?
False
Suppose -179 = -4*h - 3*s, -2*s + 64 - 194 = -3*h. Is 6284/h + (-6)/(-33) prime?
False
Let w(v) = -3489*v - 36. Is w(-1) a prime number?
False
Let t(h) = 3*h**2 + 6*h + 76. Is t(-25) composite?
False
Let v = 3375 + -1734. Is v a composite number?
True
Is ((-7204)/(-7))/(62/217) a prime number?
False
Suppose 25 + 11 = 4*j - 4*p, -4*j + p = -21. Suppose 12793 = 7*k + j*k. Is k a prime number?
True
Suppose -4*p + 10293 - 463 = 2*i, 2*p = -2*i + 4912. Suppose 0 = -w + 5*w + 3*y - 3257, y + p = 3*w. Is w prime?
False
Let l(f) = 21*f**2 - 48*f + 158. Is l(37) a prime number?
False
Suppose -2*y - 4 = -14, -2*l = -2*y - 3678. Suppose -2*m + l = 270. Is m composite?
False
Let g(k) be the second derivative of 1/2*k**2 + 0*k**3 + 0 - 1/6*k**4 - 3/5*k**5 + 4*k. Is g(-3) prime?
True
Suppose -77*n = -86*n + 166851. Is n prime?
True
Let v = 9 + -7. Suppose -9 = 3*m + 3*k, 0 = 2*m + v*m - 4*k - 12. Suppose m = -2*z - 2*p + 32, -5*z - 5*p + 83 = -p. Is z a prime number?
True
Let k(a) = 3*a**2 - 4*a + 7*a + 0 + 10*a - 1. Is k(-13) composite?
False
Suppose 8*i = -0*i + 16. Suppose -4*u + 5*u + 4*w - 2371 = 0, 0 = -5*u + i*w + 11789. Is u a prime number?
False
Let f(g) = g**3 + g**2 + 11*g - 2. Let v be (-196)/((-4)/1) + -4. Let z = -36 + v. Is f(z) a prime number?
True
Suppose -5*j = -5*f + 5, -4*f + 1 = -2*f - 3*j. Suppose f*r - 5878 = d - 4*d, -d = -r + 2929. Is r prime?
False
Suppose -l - 3*y = -5, 2*l + 2*y + 6 - 16 = 0. Suppose 0 = -3*p + t + 60, 4*p - l*t - 33 - 36 = 0. Is (-12)/p - 4841/(-7) composite?
False
Let i(t) = 700*t - 1. Let y be i(1). Suppose 240 - y = -3*j. Suppose 2*o + b - j = 2*b, 5*o - 375 = b. Is o a composite number?
True
Let p(q) = 183*q**2 - 14*q + 41. Is p(4) composite?
True
Suppose -w + 8615 = 2*p + 3034, -5*w + 27935 = 4*p. Is w composite?
False
Let p(w) = 74*w**2 - 2*w + 3. Suppose -k - 4 = 2*d - 20, 3*d + 28 = 5*k. Suppose 3*b = -b + k. Is p(b) composite?
True
Suppose -51*n = -48*n - 3627. Let o = n - -844. Is o a prime number?
True
Let b = -12 - -12. Let k be (b - (2 - 2))/1. Let u = k + 247. Is u a composite number?
True
Let t be 54/(-12)*(-2)/(-3). Is ((-120)/18)/(-10) - 2605/t composite?
True
Let f(y) = 110*y + 6. Let d be f(7). Let a(i) = i**3 - 4*i**2 - 5*i + 3. Let n be a(5). Suppose 7*j = n*j + d. Is j a prime number?
False
Suppose -4*y + 2*c = -325488, -78*y = -74*y - 3*c - 325490. Is y prime?
True
Suppose 3*q - 37 = -5*p, 5*q + 10 = 30. Let h be (-1)/(0 + p/10). Is h/((-1780)/(-1788) - 1) composite?
True
Let x = 39224 - 21375. Is x a prime number?
False
Suppose -11*u = -12*u - 679. Let k = -116 - u. Is k a composite number?
False
Let r = 146 + -148. Is (-2)/(18/2643)*(r + -19) a composite number?
True
Let q(t) = -2*t**3 - 4*t**2 + 7*t + 6. Let n be (68/6 - 2)*3. Suppose n = -2*i - 2*i. Is q(i) composite?
True
Suppose 234512 = 106*s - 90*s. Is s a composite number?
False
Let x be 0 - -2 - 15/(-5). Suppose 0 = 3*o + 2*h - 1034 - 645, x*o - h - 2781 = 0. Is o a prime number?
True
Is (-10)/((-210)/(-4067))*-3 a composite number?
True
Let b = 3218 + -1395. Is b prime?
True
Let q be 21/(-14)*(-8)/6. Let z = 6 - q. Is 306/6 - z/(-2) prime?
True
Let h(j) = -110*j - 13. Let p be h(-13). Suppose -3*a + 1346 = -p. Is a a composite number?
True
Let m(s) be the second derivative of -s**4/4 - 5*s**3/2 - 15*s**2/2 - 4*s. Let r be m(-11). Let b = -136 - r. Is b composite?
True
Suppose 0 = 4*j - 5*f - 135, 0*f - 170 = -5*j + 5*f. Suppose j = -w - 4*w. Is 1011/12*(-3 - w) composite?
False
Let w = -46 - -106. Let m = 97 - w. Is m composite?
False
Let y = -46159 + 65006. Is y composite?
True
Suppose -8 = -a - 6. Suppose -4*p + 838 = 2*o + 28, -a*o - 2*p + 816 = 0. Is o prime?
False
Let x be 9/(1 + (-35)/20). Is ((-1759)/4)/(3/x) composite?
False
Suppose -2300 = -55*u + 53*u. Let t = 1637 - u. Is t a composite number?
False
Suppose 7*h - 17840 - 2761 = 0. Suppose -t = -h + 124. Is t a prime number?
True
Let x(k) = k**3 - 7*k**2 - 4*k + 10. Let s be x(7). Is 18 + s - (-177)/1 composite?
True
Let w(z) = 2*z**2 + 4*z + 3. Let g be w(-2). Suppose 0 = -2*o - b - 1, -3*b - g = 3*o - o. Suppose 5*f - 4*d - 106 = o, -2*d - 15 = f - 39. Is f a prime number?
False
Suppose 9 = 2*g + g - 3*n, -2*g - 3*n = 9. Suppose 0 = -2*p + 4 - g. Suppose -4*l = -2*s - 1634, -5*l - 4*s + p*s + 2047 = 0. Is l a composite number?
False
Let w be -17 - (-7 - -2 - -3). Is w/(-25) + (-57726)/(-15) composite?
True
Let w be (6/(-9))/(6/(-8307)). Let j(v) = -39*v + 8. Let k be j(-6). Let x = k + w. Is x composite?
True
Let s(z) be the first derivative of -3*z**2/2 + z - 10. Is s(-6) prime?
True
Suppose -11*s + 165188 - 37819 = 0. Is s composite?
False
Let o(b) = 2*b + 16. Let u be o(-5). Is 2 - (-764 + (u - 3)) prime?
False
Suppose 0 = 3*t - w - 2 - 6, 0 = -5*t + 5*w + 20. Let d(u) = 0*u**2 + 0*u**2 - 13 + 6*u**t - 5*u - 3*u**2. Is d(6) composite?
True
Let h(j) = 6*j**2 - 15*j - 43. Is h(10) prime?
False
Let h(f) = 182*f**2 + 5*f - 1. Suppose 0 = -6*b - 4*b - 20. Is h(b) a composite number?
True
Let q = 15 + -15. Suppose q = 5*l + 10, 10 = 2*t + 4*l - 3*l. Is (-15)/t*(-2844)/30 a composite number?
True
Let s(f) = 2*f**3 - 27*f**2 + 6*f - 19. Let i be s(23). Is (-1)/4 + i/40 a composite number?
True
Let x(t) = -44*t - 29. Is x(-14) composite?
False
Let u(s) = -4*s**3 + 4*s**2 + 10*s - 9. Let a = 29 + -34. Is u(a) composite?
False
Let a(i) = i - 16. Let n(k) = k**2 - 2*k - 6. Let d be n(6). Let j be a(d). Is j/2 - (-263 + -3) a composite number?
True
Suppose -1 = -8*s - 1. Let m(i) = -i**2 - i + 93. Is m(s) a composite number?
True
Let q(x) = -19*x. Let j(n) = 19*n - 1. Let k(z) = -2*j(z) - 3*q(z). Let s = -324 + 325. Is k(s) a prime number?
False
Suppose 0*y - 144525 = -5*y. Suppose y = -5*f + 20*f. Is f a prime number?
False
Let j(h) = -9*h + 7. Suppose d = -3 + 5. Let i be j(d). Let f(n) = 3*n**2 + n - 11. Is f(i) composite?
True
Let b(j) = -237*j - 517. Is b(-18) a prime number?
False
Suppose 19731 = 4*u + 8*q - 3*q, 4*u - 19739 = 3*q. Is u a composite number?
True
Let u(x) = -321*x**2 - 2*x + 2. Let a be u(-2). Let q = a - -537. Let g = q + 1240. Is g a prime number?
True
Let k(t) = -t**2 - 5*t - 2. Let y be k(-2). Suppose -17 = -5*c - x, x = -c - y*x - 11. Suppose -c*j = -5*i - 834, 2*i = -5*j + 5*i + 1049. Is j a prime number?
True
Let g be 13/65 - (18/10)/(-1). Let v(d) = 3*d**2 - 4*d + 1 + 3*d**2 + 2. Is v(g) a prime number?
True
Suppose -f + 2*f - 1 = 0. Is -7 + 4 + f + 1501 prime?
True
Suppose -3*l = t - 10, -6*t + 3*t + 3*l + 6 = 0. Suppose 1315 + 3169 = t*j. Is j a composite number?
True
Let w = 3002 + -1276. Is w a composite number?
True
Let i = -9 - -13. Suppose i*l = 1097 + 51. Suppose -o + 0*o + l = 0. Is o a composite number?
True
Suppose -2*b + 3*a = 2, -2*b + 6 = -5*a - 0*a. Let u(m) = 20*m + 17. Let g be u(b). Is -4*(g/12 + -2) composite?
True
Suppose -2304 = -6*n + 2*n. Suppose c = 5*m + 29 + 97, 4*c + 4*m - n = 0. Is c composite?
True
Let x be 10/(-8)*(-48)/6*25. Suppose -z + x = -97. Is z composite?
False
Suppose -3*s + 219 = -1116. Is s prime?
False
Let u(x) be the third derivative of x**4/24 + 2*x**3 - 14*x**2. Is u(7) prime?
True
Let g(j) = j**2 + j + 105. Let r be g(0). Let x = -193 - -947. Suppose 2*i - 412 = -2*k, 4*i = 3*k + x + r. Is i a prime number?
True
Let x(w) = w**3 - 5*w**2 + 5*w - 2. Let a = -22 - -26. Let j be x(a). Is j + 2 + 22 + -3 prime?
True
Suppose -h + s = -2142, 5*h - 14288 = -3*s - 3570. Let p = -1094 + h. Is p a prime number?
True
Let a = 22946 + -13023. Is a a prime number?
True
Let f(c) = -c**3 - 2*c**2 - 2*c + 4. Suppose 0 = -6*s + s - 35. Is f(s) a composite number?
False
Let d be 18/(21/6 + -2). Suppose -2*n + 6*n = -d. Is (-6)/n + 21*9 prime?
True
Let o(j) = -j**3 + 12*j**2 + 32*j + 27.